{"id":461,"date":"2023-03-01T13:09:34","date_gmt":"2023-03-01T11:09:34","guid":{"rendered":"https:\/\/annualreport.forcitgroup.com\/?page_id=461"},"modified":"2024-03-21T08:28:08","modified_gmt":"2024-03-21T08:28:08","slug":"koncernens-ekonomi-och-aktiviteter","status":"publish","type":"page","link":"https:\/\/annualreport.forcitgroup.com\/2023\/sv\/verksamhetsberattelse\/koncernens-ekonomi-och-aktiviteter\/","title":{"rendered":"Koncernens ekonomi och aktiviteter\u00a0"},"content":{"rendered":"\n<h2 class=\"wp-block-heading\">Allm\u00e4nt<\/h2>\n\n\n\n<p>FORCIT Group driver tre aff\u00e4rsenheter: FORCIT Explosives bedriver verksamhet inom civila spr\u00e4ng\u00e4mnen samt programvara f\u00f6r borrning och spr\u00e4ngning; FORCIT Defence riktar sig till f\u00f6rsvarsmakter och tillverkare av f\u00f6rsvarsmaterial; och FORCIT Consulting tillhandah\u00e5ller m\u00e4t-, \u00f6vervaknings-, konsult- och utbildningstj\u00e4nster. FORCIT:s m\u00e5ls\u00e4ttning \u00e4r att vidareutveckla sin position som nordisk marknadsledare och prefererad leverant\u00f6r av tj\u00e4nster, produkter och kompetens g\u00e4llande spr\u00e4ng\u00e4mnen, laddning och \u00f6vervakning av milj\u00f6effekter. <\/p>\n\n\n\n<p>Inom f\u00f6rsvarsomr\u00e5det \u00e4r m\u00e5ls\u00e4ttningen att vara en prefererad teknikpartner och ledande systemleverant\u00f6r p\u00e5 den globala marknaden f\u00f6r icke k\u00e4nsliga spr\u00e4ng\u00e4mnen.<\/p>\n\n\n\n<p>FORCIT:s kvalitetssystem \u00e4r certifierat enligt ISO 9001-standarden och dess milj\u00f6system enligt ISO 14001-standarden. F\u00f6rsvarsverksamheten \u00e4r certifierad i enlighet med NATO:s AQAP 2110-kvalitetsnormer. F\u00f6rutom ISO- och AQAP-standarderna har f\u00f6rsvarsverksamheten ocks\u00e5 ackrediterats i \u00f6verensst\u00e4mmelse med kriterierna f\u00f6r den finska nationella s\u00e4kerhetsauditeringen (KATAKRI).<\/p>\n\n\n\n<h2 class=\"wp-block-heading\">Ekonomisk \u00f6versikt&nbsp;<\/h2>\n\n\n\n<p>Bolagets ekonomiska utveckling 2023 var i stort sett i linje med f\u00f6reg\u00e5ende \u00e5r. Den \u00f6vergripande europeiska ekonomiska utvecklingen och den utmanande byggmarknaden i v\u00e5ra k\u00e4rnomr\u00e5den resulterade i en kr\u00e4vande operativ aff\u00e4rsmilj\u00f6.<\/p>\n\n\n\n<p>Den delvisa normaliseringen av viktiga r\u00e5varupriser efter pristoppen 2022, kombinerat med en of\u00f6rdelaktig utveckling av svenska och norska valutor mot euron, innebar en minskning av bolagets oms\u00e4ttning.<\/p>\n\n\n\n<p>Nedanst\u00e5ende nyckeltal beskriver utvecklingen under de senaste r\u00e4kenskaps\u00e5ren. Koncernens r\u00f6relseresultat var stabilt under 2023 j\u00e4mf\u00f6rt med 2022. &nbsp;<\/p>\n\n\n\n<p>\u202f&nbsp;<\/p>\n\n\n\n<div style=\"height:40px\" aria-hidden=\"true\" class=\"wp-block-spacer\"><\/div>\n\n\n\n<table id=\"tablepress-23\" class=\"tablepress tablepress-id-23\">\n<thead>\n<tr class=\"row-1 odd\">\n\t<th class=\"column-1\">Koncern<\/th><th class=\"column-2\">2023<\/th><th class=\"column-3\">2022<\/th><th class=\"column-4\">2021<\/th>\n<\/tr>\n<\/thead>\n<tbody class=\"row-hover\">\n<tr class=\"row-2 even\">\n\t<td class=\"column-1\">Oms\u00e4ttning, miljoner euro<\/td><td class=\"column-2\">214,3<\/td><td class=\"column-3\">228,3<\/td><td class=\"column-4\">150,5<\/td>\n<\/tr>\n<tr class=\"row-3 odd\">\n\t<td class=\"column-1\">R\u00f6relseresultat, miljoner euro<\/td><td class=\"column-2\">26,6<\/td><td class=\"column-3\">26,9<\/td><td class=\"column-4\">8,6<\/td>\n<\/tr>\n<tr class=\"row-4 even\">\n\t<td class=\"column-1\">R\u00f6relseresultat som % av nettooms\u00e4ttning<\/td><td class=\"column-2\">12,4<\/td><td class=\"column-3\">11,8<\/td><td class=\"column-4\">5,7<\/td>\n<\/tr>\n<tr class=\"row-5 odd\">\n\t<td class=\"column-1\">Avkastning p\u00e5 eget kapital (%)<\/td><td class=\"column-2\">30,5<\/td><td class=\"column-3\">41,3<\/td><td class=\"column-4\">14,2<\/td>\n<\/tr>\n<tr class=\"row-6 even\">\n\t<td class=\"column-1\">Soliditet %<\/td><td class=\"column-2\">55,1<\/td><td class=\"column-3\">48,0<\/td><td class=\"column-4\">44,1<\/td>\n<\/tr>\n<tr class=\"row-7 odd\">\n\t<td class=\"column-1\">Antal anst\u00e4llda i genomsnitt<\/td><td class=\"column-2\">553<\/td><td class=\"column-3\">533<\/td><td class=\"column-4\">499<\/td>\n<\/tr>\n<tr class=\"row-8 even\">\n\t<td class=\"column-1\">L\u00f6ner och arvoden, miljoner euro<\/td><td class=\"column-2\">34,2<\/td><td class=\"column-3\">32,5<\/td><td class=\"column-4\">29,1<\/td>\n<\/tr>\n<\/tbody>\n<\/table>\n\n\n\n<div style=\"height:40px\" aria-hidden=\"true\" class=\"wp-block-spacer\"><\/div>\n\n\n\n<table id=\"tablepress-24\" class=\"tablepress tablepress-id-24\">\n<thead>\n<tr class=\"row-1 odd\">\n\t<th class=\"column-1\">Moderbolag<\/th><th class=\"column-2\">2023<\/th><th class=\"column-3\">2022<\/th><th class=\"column-4\">2021<\/th>\n<\/tr>\n<\/thead>\n<tbody class=\"row-hover\">\n<tr class=\"row-2 even\">\n\t<td class=\"column-1\">Oms\u00e4ttning, miljoner euro<\/td><td class=\"column-2\">109,8<\/td><td class=\"column-3\">112,7<\/td><td class=\"column-4\">72,0<\/td>\n<\/tr>\n<tr class=\"row-3 odd\">\n\t<td class=\"column-1\">R\u00f6relseresultat, miljoner euro<\/td><td class=\"column-2\">13,6<\/td><td class=\"column-3\">13,6<\/td><td class=\"column-4\">3,3<\/td>\n<\/tr>\n<tr class=\"row-4 even\">\n\t<td class=\"column-1\">R\u00f6relseresultat som % av nettooms\u00e4ttning<\/td><td class=\"column-2\">12,3<\/td><td class=\"column-3\">12,1<\/td><td class=\"column-4\">4,6<\/td>\n<\/tr>\n<tr class=\"row-5 odd\">\n\t<td class=\"column-1\">Avkastning p\u00e5 eget kapital (%)\u202f<\/td><td class=\"column-2\">25,5<\/td><td class=\"column-3\">26,7<\/td><td class=\"column-4\">14,9<\/td>\n<\/tr>\n<tr class=\"row-6 even\">\n\t<td class=\"column-1\">Soliditet %<\/td><td class=\"column-2\">49,3<\/td><td class=\"column-3\">49,2<\/td><td class=\"column-4\">48,8<\/td>\n<\/tr>\n<tr class=\"row-7 odd\">\n\t<td class=\"column-1\">Antal anst\u00e4llda i genomsnitt<\/td><td class=\"column-2\">288<\/td><td class=\"column-3\">265<\/td><td class=\"column-4\">250<\/td>\n<\/tr>\n<tr class=\"row-8 even\">\n\t<td class=\"column-1\">L\u00f6ner och arvoden, miljoner euro<\/td><td class=\"column-2\">18,6<\/td><td class=\"column-3\">16,4<\/td><td class=\"column-4\">15,3<\/td>\n<\/tr>\n<\/tbody>\n<\/table>\n\n\n\n<h2 class=\"wp-block-heading\">H\u00e5llbarhet<\/h2>\n\n\n\n<h3 class=\"wp-block-heading\">Milj\u00f6<\/h3>\n\n\n\n<p>Under 2023 har bolaget g\u00e5tt vidare med planen och m\u00e5let f\u00f6r CO2-neutralitet i verksamheten till 2035 och genomf\u00f6rt ett stort antal investeringar och f\u00f6rb\u00e4ttringar i linje med detta m\u00e5l. Dessutom tog f\u00f6retaget i bruk en ny dedikerad programvara f\u00f6r att samla in, analysera och rapportera milj\u00f6- och h\u00e5llbarhetsdata. FoU-arbetet kopplat till h\u00e5llbarhet fokuserade p\u00e5 \u00e5tervinning av emulsionskomponenter, utv\u00e4rdering av gr\u00f6nare r\u00e5varor och vidareutveckling av ett kv\u00e4vefritt produktsortiment med stort fokus p\u00e5 att s\u00e4kerst\u00e4lla s\u00e4kerhetsaspekterna hos denna nya spr\u00e4ng\u00e4mnesprodukt.<\/p>\n\n\n\n<h3 class=\"wp-block-heading\">S\u00e4kerhet<\/h3>\n\n\n\n<p>S\u00e4kerheten \u00e4r alltid v\u00e5r h\u00f6gsta prioritet. Under 2023 fortsatte f\u00f6retaget att st\u00e4rka sin s\u00e4kerhetskultur och olycksfallsfrekvensen (LTIF) minskade med 5 % j\u00e4mf\u00f6rt med f\u00f6reg\u00e5ende \u00e5r. 2023 \u00e5rs LTIF var 3,1. Dessutom fortsatte f\u00f6retaget att utveckla sina s\u00e4kerhetspolicyer och rutiner, b\u00e5de n\u00e4r det g\u00e4ller cybers\u00e4kerhet och fysisk s\u00e4kerhet.<\/p>\n\n\n\n<h2 class=\"wp-block-heading\">Personal<\/h2>\n\n\n\n<p>FORCIT-koncernens personalstyrka fortsatte att \u00f6ka i takt med att verksamheten \u00f6kade. I slutet av 2023 hade FORCIT 590 anst\u00e4llda. Sjukfr\u00e5nvaron var fortsatt l\u00e5g och l\u00e5g p\u00e5 3,2 % under 2023.<\/p>\n\n\n\n<p>Under \u00e5ret genomf\u00f6rdes en personalunders\u00f6kning i hela koncernen f\u00f6r att m\u00e4ta personalens engagemang och tillfredsst\u00e4llelse. Resultaten var fortsatt goda och visade att personalens engagemang forts\u00e4tter att ligga p\u00e5 en mycket bra niv\u00e5 med eNPS-index p\u00e5 40.<\/p>\n\n\n\n<h2 class=\"wp-block-heading\">Administration<\/h2>\n\n\n\n<p>P\u00e5 OY FORCIT AB:s ordinarie bolagsst\u00e4mma den 4 april 2023 invaldes Edoardo Santamaria som ny styrelseledamot, tillsammans med de befintliga styrelseledam\u00f6terna Lauri Stadigh, Hans Karlander, Pasi Tolppanen, Alexander Tallberg och Jarmo Lindberg. Jarmo Lindberg avgick som styrelseledamot den 6 april 2023. Lauri Stadigh har fortsatt som styrelseordf\u00f6rande och Joakim Westerlund har fortsatt som vd f\u00f6r FORCIT-koncernen. Bolagets revisorer har varit KPMG Oy Ab, med Christian H\u00e4llstr\u00f6m som huvudansvarig revisor, CGR.&nbsp;<\/p>\n\n\n\n<h2 class=\"wp-block-heading\">Styrelsens f\u00f6rslag till vinstdisposition&nbsp;<\/h2>\n\n\n\n<p>Om bokslutet fastst\u00e4lls st\u00e5r till Oy Forcit Ab:s bolagsst\u00e4mmas disposition<\/p>\n\n\n\n<table id=\"tablepress-25\" class=\"tablepress tablepress-id-25\">\n<tbody class=\"row-hover\">\n<tr class=\"row-1 odd\">\n\t<td class=\"column-1\">Dispositionsfond<\/td><td class=\"column-2\">37 587 879,15 euro<\/td>\n<\/tr>\n<tr class=\"row-2 even\">\n\t<td class=\"column-1\">Fond f\u00f6r inbetalt fritt eget kapital<\/td><td class=\"column-2\">1 500 630,00 euro<\/td>\n<\/tr>\n<tr class=\"row-3 odd\">\n\t<td class=\"column-1\">R\u00e4kenskapsperiodens vinst<\/td><td class=\"column-2\">23 069 267,47 euro<\/td>\n<\/tr>\n<tr class=\"row-4 even\">\n\t<td class=\"column-1\">Totalt<\/td><td class=\"column-2\">62 157 776,62 euro<\/td>\n<\/tr>\n<\/tbody>\n<\/table>\n\n\n\n<p>Styrelsen f\u00f6resl\u00e5r att medlen disponeras p\u00e5 f\u00f6ljande s\u00e4tt:<\/p>\n\n\n\n<table id=\"tablepress-26\" class=\"tablepress tablepress-id-26\">\n<thead>\n<tr class=\"row-1 odd\">\n\t<th class=\"column-1\">Till aktie\u00e4garna utdelas i dividend:<\/th><th class=\"column-2\"><\/th>\n<\/tr>\n<\/thead>\n<tbody class=\"row-hover\">\n<tr class=\"row-2 even\">\n\t<td class=\"column-1\">35 euro\/aktie<\/td><td class=\"column-2\">7 047 600,00 euro<\/td>\n<\/tr>\n<tr class=\"row-3 odd\">\n\t<td class=\"column-1\">Dispositionsfond<\/td><td class=\"column-2\">53 609 546,62 euro<\/td>\n<\/tr>\n<tr class=\"row-4 even\">\n\t<td class=\"column-1\">Fond f\u00f6r inbetalt fritt eget kapital<\/td><td class=\"column-2\">1 500 630,00 euro<\/td>\n<\/tr>\n<tr class=\"row-5 odd\">\n\t<td class=\"column-1\">Totalt<\/td><td class=\"column-2\">62 157 776,62 euro<\/td>\n<\/tr>\n<\/tbody>\n<\/table>\n\n\n\n<p>Inga v\u00e4sentliga f\u00f6r\u00e4ndringar har skett i bolagets ekonomiska situation efter r\u00e4kenskapsperiodens slut. Bolagets likviditet \u00e4r god och den f\u00f6reslagna vinstutdelningen \u00e4ventyrar inte bolagets betalningsf\u00f6rm\u00e5ga.<\/p>\n\n\n\n<h2 class=\"wp-block-heading\">Bolagets aktier<\/h2>\n\n\n\n<p>Bolaget har endast ett slag av aktier. Varje aktie ger en r\u00f6st vid bolagsst\u00e4mmor och samma r\u00e4tt till dividend.&nbsp;<\/p>\n\n\n\n<table id=\"tablepress-27\" class=\"tablepress tablepress-id-27\">\n<thead>\n<tr class=\"row-1 odd\">\n\t<th class=\"column-1\">Antalet aktier<\/th><th class=\"column-2\">2023<\/th><th class=\"column-3\">2022<\/th>\n<\/tr>\n<\/thead>\n<tbody class=\"row-hover\">\n<tr class=\"row-2 even\">\n\t<td class=\"column-1\"><\/td><td class=\"column-2\">201 360<\/td><td class=\"column-3\">201 360<\/td>\n<\/tr>\n<\/tbody>\n<\/table>\n\n\n\n<p>Bolaget har \u00e4nnu ikraftvarande fullmakt till att emittera nya aktier.<\/p>\n\n\n\n<h2 class=\"wp-block-heading\">N\u00e4rst\u00e5endel\u00e5n<\/h2>\n\n\n\n<p>Bolaget har beviljat l\u00e5n till f\u00f6retag som tillh\u00f6r koncernen. L\u00e5nens totala belopp \u00e4r 318&nbsp;039,60 euro och l\u00e5netiden \u00e4r h\u00f6gst 5 \u00e5r. L\u00e5nen amorteras i j\u00e4mna rater och r\u00e4ntan betalas i samband med l\u00e5neamortering. R\u00e4ntan p\u00e5 l\u00e5nen \u00e4r huvudsakligen knuten till fast r\u00e4nta eller ber\u00e4kningsr\u00e4nta. L\u00e5nen har inte s\u00e4kerheter.<\/p>\n","protected":false},"excerpt":{"rendered":"<p>Allm\u00e4nt FORCIT Group driver tre aff\u00e4rsenheter: FORCIT Explosives bedriver verksamhet inom civila spr\u00e4ng\u00e4mnen samt programvara f\u00f6r borrning och spr\u00e4ngning; FORCIT Defence riktar sig till f\u00f6rsvarsmakter och tillverkare av f\u00f6rsvarsmaterial; och FORCIT Consulting tillhandah\u00e5ller m\u00e4t-, \u00f6vervaknings-, konsult- och utbildningstj\u00e4nster. FORCIT:s m\u00e5ls\u00e4ttning \u00e4r att vidareutveckla sin position som nordisk marknadsledare och prefererad leverant\u00f6r av tj\u00e4nster, produkter och [&#8230;]<\/p>\n<p><a class=\"btn btn-secondary understrap-read-more-link\" href=\"https:\/\/annualreport.forcitgroup.com\/2023\/sv\/verksamhetsberattelse\/koncernens-ekonomi-och-aktiviteter\/\">Read More&#8230;<span class=\"screen-reader-text\"> from Koncernens ekonomi och aktiviteter\u00a0<\/span><\/a><\/p>\n","protected":false},"author":1,"featured_media":1363,"parent":455,"menu_order":0,"comment_status":"closed","ping_status":"closed","template":"","meta":{"_acf_changed":false,"footnotes":""},"acf":[],"_links":{"self":[{"href":"https:\/\/annualreport.forcitgroup.com\/2023\/wp-json\/wp\/v2\/pages\/461"}],"collection":[{"href":"https:\/\/annualreport.forcitgroup.com\/2023\/wp-json\/wp\/v2\/pages"}],"about":[{"href":"https:\/\/annualreport.forcitgroup.com\/2023\/wp-json\/wp\/v2\/types\/page"}],"author":[{"embeddable":true,"href":"https:\/\/annualreport.forcitgroup.com\/2023\/wp-json\/wp\/v2\/users\/1"}],"replies":[{"embeddable":true,"href":"https:\/\/annualreport.forcitgroup.com\/2023\/wp-json\/wp\/v2\/comments?post=461"}],"version-history":[{"count":5,"href":"https:\/\/annualreport.forcitgroup.com\/2023\/wp-json\/wp\/v2\/pages\/461\/revisions"}],"predecessor-version":[{"id":1273,"href":"https:\/\/annualreport.forcitgroup.com\/2023\/wp-json\/wp\/v2\/pages\/461\/revisions\/1273"}],"up":[{"embeddable":true,"href":"https:\/\/annualreport.forcitgroup.com\/2023\/wp-json\/wp\/v2\/pages\/455"}],"wp:featuredmedia":[{"embeddable":true,"href":"https:\/\/annualreport.forcitgroup.com\/2023\/wp-json\/wp\/v2\/media\/1363"}],"wp:attachment":[{"href":"https:\/\/annualreport.forcitgroup.com\/2023\/wp-json\/wp\/v2\/media?parent=461"}],"curies":[{"name":"wp","href":"https:\/\/api.w.org\/{rel}","templated":true}]}}