{"id":972,"date":"2023-03-09T14:30:50","date_gmt":"2023-03-09T12:30:50","guid":{"rendered":"https:\/\/annualreport.forcitgroup.com\/?page_id=972"},"modified":"2023-03-09T14:30:50","modified_gmt":"2023-03-09T12:30:50","slug":"koncernens-resultatrakning","status":"publish","type":"page","link":"https:\/\/annualreport.forcitgroup.com\/2024\/sv\/bokslut\/koncernens-bokslut\/koncernens-resultatrakning\/","title":{"rendered":"Koncernens resultatr\u00e4kning"},"content":{"rendered":"\n<div style=\"height:40px\" aria-hidden=\"true\" class=\"wp-block-spacer\"><\/div>\n\n\n\n<table id=\"tablepress-30\" class=\"tablepress tablepress-id-30\">\n<thead>\n<tr class=\"row-1 odd\">\n\t<th class=\"column-1\">1000\u20ac<\/th><th class=\"column-2\">2024<\/th><th class=\"column-3\">2023<\/th>\n<\/tr>\n<\/thead>\n<tbody class=\"row-hover\">\n<tr class=\"row-2 even\">\n\t<td class=\"column-1\">OMS\u00c4TTNING<\/td><td class=\"column-2\">275 647<\/td><td class=\"column-3\">214 340<\/td>\n<\/tr>\n<tr class=\"row-3 odd\">\n\t<td class=\"column-1\">F\u00f6r\u00e4ndring i produktlager<\/td><td class=\"column-2\">2 427<\/td><td class=\"column-3\">-2 596<\/td>\n<\/tr>\n<tr class=\"row-4 even\">\n\t<td class=\"column-1\">Tillverkning f\u00f6r eget bruk<\/td><td class=\"column-2\">0<\/td><td class=\"column-3\">19<\/td>\n<\/tr>\n<tr class=\"row-5 odd\">\n\t<td class=\"column-1\">\u00d6vriga r\u00f6relseint\u00e4kter<\/td><td class=\"column-2\">1 658<\/td><td class=\"column-3\">2 583<\/td>\n<\/tr>\n<tr class=\"row-6 even\">\n\t<td class=\"column-1\">Material och tj\u00e4nster<\/td><td class=\"column-2\"><\/td><td class=\"column-3\"><\/td>\n<\/tr>\n<tr class=\"row-7 odd\">\n\t<td class=\"column-1\">Material, f\u00f6rn\u00f6denheter och varor<\/td><td class=\"column-2\"><\/td><td class=\"column-3\"><\/td>\n<\/tr>\n<tr class=\"row-8 even\">\n\t<td class=\"column-1\">Ink\u00f6p under r\u00e4kenskapsperioden<\/td><td class=\"column-2\">-124 338<\/td><td class=\"column-3\">-109 524<\/td>\n<\/tr>\n<tr class=\"row-9 odd\">\n\t<td class=\"column-1\">F\u00f6r\u00e4ndring av lager<\/td><td class=\"column-2\">9 292<\/td><td class=\"column-3\">6 950<\/td>\n<\/tr>\n<tr class=\"row-10 even\">\n\t<td class=\"column-1\">Material och tj\u00e4nster totalt<\/td><td class=\"column-2\">-115 046<\/td><td class=\"column-3\">-102 575<\/td>\n<\/tr>\n<tr class=\"row-11 odd\">\n\t<td class=\"column-1\">Personalkostnader<\/td><td class=\"column-2\"><\/td><td class=\"column-3\"><\/td>\n<\/tr>\n<tr class=\"row-12 even\">\n\t<td class=\"column-1\">L\u00f6ner och arvoden<\/td><td class=\"column-2\">-39 843<\/td><td class=\"column-3\">-34 219<\/td>\n<\/tr>\n<tr class=\"row-13 odd\">\n\t<td class=\"column-1\">L\u00f6nebikostnader<\/td><td class=\"column-2\"><\/td><td class=\"column-3\"><\/td>\n<\/tr>\n<tr class=\"row-14 even\">\n\t<td class=\"column-1\">Pensionskostnader<\/td><td class=\"column-2\">-5 571<\/td><td class=\"column-3\">-4 791<\/td>\n<\/tr>\n<tr class=\"row-15 odd\">\n\t<td class=\"column-1\">\u00d6vriga l\u00f6nebikostnader<\/td><td class=\"column-2\">-2 969<\/td><td class=\"column-3\">-3 589<\/td>\n<\/tr>\n<tr class=\"row-16 even\">\n\t<td class=\"column-1\">Personalkostnader totalt<\/td><td class=\"column-2\">-48 383<\/td><td class=\"column-3\">-42 599<\/td>\n<\/tr>\n<tr class=\"row-17 odd\">\n\t<td class=\"column-1\">Avskrivningar och nedskrivningar<\/td><td class=\"column-2\"><\/td><td class=\"column-3\"><\/td>\n<\/tr>\n<tr class=\"row-18 even\">\n\t<td class=\"column-1\">Avskrivning enligt plan<\/td><td class=\"column-2\">-31 225<\/td><td class=\"column-3\">-8 424<\/td>\n<\/tr>\n<tr class=\"row-19 odd\">\n\t<td class=\"column-1\">\u00d6vriga r\u00f6relsekostnader<\/td><td class=\"column-2\">-38 068<\/td><td class=\"column-3\">-34 131<\/td>\n<\/tr>\n<tr class=\"row-20 even\">\n\t<td class=\"column-1\">R\u00d6RELSEVINST<\/td><td class=\"column-2\">47 009<\/td><td class=\"column-3\">26 617<\/td>\n<\/tr>\n<tr class=\"row-21 odd\">\n\t<td class=\"column-1\">Finansiella int\u00e4kter och kostnader<\/td><td class=\"column-2\"><\/td><td class=\"column-3\"><\/td>\n<\/tr>\n<tr class=\"row-22 even\">\n\t<td class=\"column-1\">\u00d6vriga r\u00e4nte- och finansiella int\u00e4kter<\/td><td class=\"column-2\">348<\/td><td class=\"column-3\">710<\/td>\n<\/tr>\n<tr class=\"row-23 odd\">\n\t<td class=\"column-1\">R\u00e4ntekostnader och \u00f6vriga finansiella kostnader<\/td><td class=\"column-2\">-1 993<\/td><td class=\"column-3\">-933<\/td>\n<\/tr>\n<tr class=\"row-24 even\">\n\t<td class=\"column-1\">Finansiella int\u00e4kter och kostnader totalt<\/td><td class=\"column-2\">-1 646<\/td><td class=\"column-3\">-223<\/td>\n<\/tr>\n<tr class=\"row-25 odd\">\n\t<td class=\"column-1\">VINST F\u00d6RE SKATTER<\/td><td class=\"column-2\">45 364<\/td><td class=\"column-3\">26 394<\/td>\n<\/tr>\n<tr class=\"row-26 even\">\n\t<td class=\"column-1\">F\u00f6r\u00e4ndring av latent skatteskuld<\/td><td class=\"column-2\">-1 883<\/td><td class=\"column-3\">-48<\/td>\n<\/tr>\n<tr class=\"row-27 odd\">\n\t<td class=\"column-1\">Inkomstskatter<\/td><td class=\"column-2\">-7 762<\/td><td class=\"column-3\">-5 667<\/td>\n<\/tr>\n<tr class=\"row-28 even\">\n\t<td class=\"column-1\">Minoritetsandel<\/td><td class=\"column-2\">-100<\/td><td class=\"column-3\">-145<\/td>\n<\/tr>\n<tr class=\"row-29 odd\">\n\t<td class=\"column-1\">R\u00c4KENSKAPSPERIODENS VINST<\/td><td class=\"column-2\">35 619<\/td><td class=\"column-3\">20 534<\/td>\n<\/tr>\n<\/tbody>\n<\/table>\n","protected":false},"excerpt":{"rendered":"<p> [&#8230;]<\/p>\n<p><a class=\"btn btn-secondary understrap-read-more-link\" href=\"https:\/\/annualreport.forcitgroup.com\/2024\/sv\/bokslut\/koncernens-bokslut\/koncernens-resultatrakning\/\">Read More&#8230;<span class=\"screen-reader-text\"> from Koncernens resultatr\u00e4kning<\/span><\/a><\/p>\n","protected":false},"author":1,"featured_media":0,"parent":552,"menu_order":0,"comment_status":"closed","ping_status":"closed","template":"page-template-numbers.php","meta":{"footnotes":""},"acf":[],"_links":{"self":[{"href":"https:\/\/annualreport.forcitgroup.com\/2024\/wp-json\/wp\/v2\/pages\/972"}],"collection":[{"href":"https:\/\/annualreport.forcitgroup.com\/2024\/wp-json\/wp\/v2\/pages"}],"about":[{"href":"https:\/\/annualreport.forcitgroup.com\/2024\/wp-json\/wp\/v2\/types\/page"}],"author":[{"embeddable":true,"href":"https:\/\/annualreport.forcitgroup.com\/2024\/wp-json\/wp\/v2\/users\/1"}],"replies":[{"embeddable":true,"href":"https:\/\/annualreport.forcitgroup.com\/2024\/wp-json\/wp\/v2\/comments?post=972"}],"version-history":[{"count":0,"href":"https:\/\/annualreport.forcitgroup.com\/2024\/wp-json\/wp\/v2\/pages\/972\/revisions"}],"up":[{"embeddable":true,"href":"https:\/\/annualreport.forcitgroup.com\/2024\/wp-json\/wp\/v2\/pages\/552"}],"wp:attachment":[{"href":"https:\/\/annualreport.forcitgroup.com\/2024\/wp-json\/wp\/v2\/media?parent=972"}],"curies":[{"name":"wp","href":"https:\/\/api.w.org\/{rel}","templated":true}]}}