{"id":986,"date":"2023-03-09T14:46:31","date_gmt":"2023-03-09T12:46:31","guid":{"rendered":"https:\/\/annualreport.forcitgroup.com\/?page_id=986"},"modified":"2023-03-09T14:46:31","modified_gmt":"2023-03-09T12:46:31","slug":"emoyhtion-tase","status":"publish","type":"page","link":"https:\/\/annualreport.forcitgroup.com\/2024\/fi\/tilinpaatos\/emoyhtion-tilinpaatos\/emoyhtion-tase\/","title":{"rendered":"Emoyhti\u00f6n tase"},"content":{"rendered":"\n<div style=\"height:40px\" aria-hidden=\"true\" class=\"wp-block-spacer\"><\/div>\n\n\n\n<h4 class=\"wp-block-heading\">Vastaavaa<\/h4>\n\n\n\n<h5 class=\"wp-block-heading\">Pysyv\u00e4t vastaavat<\/h5>\n\n\n\n<table id=\"tablepress-41\" class=\"tablepress tablepress-id-41\">\n<thead>\n<tr class=\"row-1 odd\">\n\t<th class=\"column-1\">1000 \u20ac<\/th><th class=\"column-2\">2024<\/th><th class=\"column-3\">2023<\/th>\n<\/tr>\n<\/thead>\n<tbody class=\"row-hover\">\n<tr class=\"row-2 even\">\n\t<td class=\"column-1\">Aineettomat hy\u00f6dykkeet<\/td><td class=\"column-2\"><\/td><td class=\"column-3\"><\/td>\n<\/tr>\n<tr class=\"row-3 odd\">\n\t<td class=\"column-1\">Aineettomat oikeudet<\/td><td class=\"column-2\">93 219<\/td><td class=\"column-3\">3 217<\/td>\n<\/tr>\n<tr class=\"row-4 even\">\n\t<td class=\"column-1\">Aineettomat hy\u00f6dykkeet yhteens\u00e4<\/td><td class=\"column-2\">93 219<\/td><td class=\"column-3\">3 217<\/td>\n<\/tr>\n<tr class=\"row-5 odd\">\n\t<td class=\"column-1\">Aineelliset hy\u00f6dykkeet<\/td><td class=\"column-2\"><\/td><td class=\"column-3\"><\/td>\n<\/tr>\n<tr class=\"row-6 even\">\n\t<td class=\"column-1\">Maa- ja vesialueet<\/td><td class=\"column-2\">1 706<\/td><td class=\"column-3\">1 393<\/td>\n<\/tr>\n<tr class=\"row-7 odd\">\n\t<td class=\"column-1\">Rakennukset ja rakennelmat<\/td><td class=\"column-2\">27 552<\/td><td class=\"column-3\">15 145<\/td>\n<\/tr>\n<tr class=\"row-8 even\">\n\t<td class=\"column-1\">Koneet ja kalusto<\/td><td class=\"column-2\">21 070<\/td><td class=\"column-3\">6 391<\/td>\n<\/tr>\n<tr class=\"row-9 odd\">\n\t<td class=\"column-1\">Muut aineelliset hy\u00f6dykkeet<\/td><td class=\"column-2\">2 166<\/td><td class=\"column-3\">151<\/td>\n<\/tr>\n<tr class=\"row-10 even\">\n\t<td class=\"column-1\">Ennakkomaksut ja keskener\u00e4iset hankinnat<\/td><td class=\"column-2\">15 775<\/td><td class=\"column-3\">20 966<\/td>\n<\/tr>\n<tr class=\"row-11 odd\">\n\t<td class=\"column-1\">Aineelliset hy\u00f6dykkeet yhteens\u00e4<\/td><td class=\"column-2\">68 269<\/td><td class=\"column-3\">44 046<\/td>\n<\/tr>\n<tr class=\"row-12 even\">\n\t<td class=\"column-1\">Sijoitukset<\/td><td class=\"column-2\"><\/td><td class=\"column-3\"><\/td>\n<\/tr>\n<tr class=\"row-13 odd\">\n\t<td class=\"column-1\">Osuudet saman konsernin yrityksiss\u00e4<\/td><td class=\"column-2\">28 993<\/td><td class=\"column-3\">24 780<\/td>\n<\/tr>\n<tr class=\"row-14 even\">\n\t<td class=\"column-1\">Lainasaamiset saman konsernin yrityksilt\u00e4<\/td><td class=\"column-2\">243<\/td><td class=\"column-3\">243<\/td>\n<\/tr>\n<tr class=\"row-15 odd\">\n\t<td class=\"column-1\">Muut lainasaamiset<\/td><td class=\"column-2\">69<\/td><td class=\"column-3\">72<\/td>\n<\/tr>\n<tr class=\"row-16 even\">\n\t<td class=\"column-1\">Osakkeet ja osuudet<\/td><td class=\"column-2\">287<\/td><td class=\"column-3\">287<\/td>\n<\/tr>\n<tr class=\"row-17 odd\">\n\t<td class=\"column-1\">Sijoitukset yhteens\u00e4<\/td><td class=\"column-2\">29 591<\/td><td class=\"column-3\">25 381<\/td>\n<\/tr>\n<tr class=\"row-18 even\">\n\t<td class=\"column-1\">PYSYV\u00c4T VASTAAVAT YHTEENS\u00c4<\/td><td class=\"column-2\">191 079<\/td><td class=\"column-3\">72 644<\/td>\n<\/tr>\n<\/tbody>\n<\/table>\n\n\n\n<div style=\"height:40px\" aria-hidden=\"true\" class=\"wp-block-spacer\"><\/div>\n\n\n\n<h5 class=\"wp-block-heading\">Vaihtuvat vastaavat<\/h5>\n\n\n\n<table id=\"tablepress-42\" class=\"tablepress tablepress-id-42\">\n<thead>\n<tr class=\"row-1 odd\">\n\t<th class=\"column-1\">1000 \u20ac<\/th><th class=\"column-2\">2024<\/th><th class=\"column-3\">2023<\/th>\n<\/tr>\n<\/thead>\n<tbody class=\"row-hover\">\n<tr class=\"row-2 even\">\n\t<td class=\"column-1\">Vaihto-omaisuus<\/td><td class=\"column-2\"><\/td><td class=\"column-3\"><\/td>\n<\/tr>\n<tr class=\"row-3 odd\">\n\t<td class=\"column-1\">Aineet ja tarvikkeet<\/td><td class=\"column-2\">22 433<\/td><td class=\"column-3\">16 973<\/td>\n<\/tr>\n<tr class=\"row-4 even\">\n\t<td class=\"column-1\">Valmiit tuotteet<\/td><td class=\"column-2\">2 860<\/td><td class=\"column-3\">421<\/td>\n<\/tr>\n<tr class=\"row-5 odd\">\n\t<td class=\"column-1\">Muu vaihto-omaisuus<\/td><td class=\"column-2\">6 596<\/td><td class=\"column-3\">3 795<\/td>\n<\/tr>\n<tr class=\"row-6 even\">\n\t<td class=\"column-1\">Ennakkomaksut<\/td><td class=\"column-2\">12 558<\/td><td class=\"column-3\">12 541<\/td>\n<\/tr>\n<tr class=\"row-7 odd\">\n\t<td class=\"column-1\">Vaihto-omaisuus yhteens\u00e4<\/td><td class=\"column-2\">44 446<\/td><td class=\"column-3\">33 731<\/td>\n<\/tr>\n<tr class=\"row-8 even\">\n\t<td class=\"column-1\">Saamiset<\/td><td class=\"column-2\"><\/td><td class=\"column-3\"><\/td>\n<\/tr>\n<tr class=\"row-9 odd\">\n\t<td class=\"column-1\">Myyntisaamiset<\/td><td class=\"column-2\">10 543<\/td><td class=\"column-3\">10 150<\/td>\n<\/tr>\n<tr class=\"row-10 even\">\n\t<td class=\"column-1\">Saamiset saman konsernin yrityksilt\u00e4<\/td><td class=\"column-2\">45 556<\/td><td class=\"column-3\">22 456<\/td>\n<\/tr>\n<tr class=\"row-11 odd\">\n\t<td class=\"column-1\">Lainasaamiset<\/td><td class=\"column-2\">59<\/td><td class=\"column-3\">44<\/td>\n<\/tr>\n<tr class=\"row-12 even\">\n\t<td class=\"column-1\">Muut saamiset<\/td><td class=\"column-2\">12 067<\/td><td class=\"column-3\">4 436<\/td>\n<\/tr>\n<tr class=\"row-13 odd\">\n\t<td class=\"column-1\">Siirtosaamiset<\/td><td class=\"column-2\">586<\/td><td class=\"column-3\">285<\/td>\n<\/tr>\n<tr class=\"row-14 even\">\n\t<td class=\"column-1\">Saamiset yhteens\u00e4<\/td><td class=\"column-2\">68 811<\/td><td class=\"column-3\">37 370<\/td>\n<\/tr>\n<tr class=\"row-15 odd\">\n\t<td class=\"column-1\">Rahoitusarvopaperit<\/td><td class=\"column-2\"><\/td><td class=\"column-3\"><\/td>\n<\/tr>\n<tr class=\"row-16 even\">\n\t<td class=\"column-1\">Rahat ja pankkisaamiset<\/td><td class=\"column-2\">16 080<\/td><td class=\"column-3\">30 751<\/td>\n<\/tr>\n<tr class=\"row-17 odd\">\n\t<td class=\"column-1\">VAIHTUVAT VASTAAVAT YHTEENS\u00c4<\/td><td class=\"column-2\">129 337<\/td><td class=\"column-3\">101 852<\/td>\n<\/tr>\n<tr class=\"row-18 even\">\n\t<td class=\"column-1\">VASTAAVAA YHTEENS\u00c4<\/td><td class=\"column-2\">320 416<\/td><td class=\"column-3\">174 496<\/td>\n<\/tr>\n<\/tbody>\n<\/table>\n\n\n\n<div style=\"height:40px\" aria-hidden=\"true\" class=\"wp-block-spacer\"><\/div>\n\n\n\n<h4 class=\"wp-block-heading\">Vastattavaa<\/h4>\n\n\n\n<h5 class=\"wp-block-heading\">Oma p\u00e4\u00e4oma<\/h5>\n\n\n\n<table id=\"tablepress-38\" class=\"tablepress tablepress-id-38\">\n<thead>\n<tr class=\"row-1 odd\">\n\t<th class=\"column-1\">1000\u20ac<\/th><th class=\"column-2\">2024<\/th><th class=\"column-3\">2023<\/th>\n<\/tr>\n<\/thead>\n<tbody class=\"row-hover\">\n<tr class=\"row-2 even\">\n\t<td class=\"column-1\">Osakep\u00e4\u00e4oma<\/td><td class=\"column-2\">3 149<\/td><td class=\"column-3\">3 149<\/td>\n<\/tr>\n<tr class=\"row-3 odd\">\n\t<td class=\"column-1\">Sijoitetun vapaan\u00a0oman p\u00e4\u00e4oman rahasto<\/td><td class=\"column-2\">1 050<\/td><td class=\"column-3\">1 501<\/td>\n<\/tr>\n<tr class=\"row-4 even\">\n\t<td class=\"column-1\">K\u00e4ytt\u00f6rahasto<\/td><td class=\"column-2\">52 184<\/td><td class=\"column-3\">37 588<\/td>\n<\/tr>\n<tr class=\"row-5 odd\">\n\t<td class=\"column-1\">Tilikauden tulos<\/td><td class=\"column-2\">32 207<\/td><td class=\"column-3\">23 069<\/td>\n<\/tr>\n<tr class=\"row-6 even\">\n\t<td class=\"column-1\">OMA P\u00c4\u00c4OMA YHTEENS\u00c4<\/td><td class=\"column-2\">88 590<\/td><td class=\"column-3\">65 307<\/td>\n<\/tr>\n<tr class=\"row-7 odd\">\n\t<td class=\"column-1\">POISTOERO<\/td><td class=\"column-2\">16 922<\/td><td class=\"column-3\">8 432<\/td>\n<\/tr>\n<\/tbody>\n<\/table>\n\n\n\n<div style=\"height:40px\" aria-hidden=\"true\" class=\"wp-block-spacer\"><\/div>\n\n\n\n<h5 class=\"wp-block-heading\">Vieras p\u00e4\u00e4oma<\/h5>\n\n\n\n<table id=\"tablepress-39\" class=\"tablepress tablepress-id-39\">\n<thead>\n<tr class=\"row-1 odd\">\n\t<th class=\"column-1\">1000 \u20ac<\/th><th class=\"column-2\">2024<\/th><th class=\"column-3\">2023<\/th>\n<\/tr>\n<\/thead>\n<tbody class=\"row-hover\">\n<tr class=\"row-2 even\">\n\t<td class=\"column-1\">Pitk\u00e4aikainen<\/td><td class=\"column-2\"><\/td><td class=\"column-3\"><\/td>\n<\/tr>\n<tr class=\"row-3 odd\">\n\t<td class=\"column-1\">Lainat rahoituslaitoksilta<\/td><td class=\"column-2\">12 314<\/td><td class=\"column-3\">14 650<\/td>\n<\/tr>\n<tr class=\"row-4 even\">\n\t<td class=\"column-1\">Muut pitk\u00e4aikaiset velat<\/td><td class=\"column-2\">63 236<\/td><td class=\"column-3\">2 242<\/td>\n<\/tr>\n<tr class=\"row-5 odd\">\n\t<td class=\"column-1\">Pitk\u00e4aikainen vieras p\u00e4\u00e4oma yhteens\u00e4<\/td><td class=\"column-2\">75 550<\/td><td class=\"column-3\">16 892<\/td>\n<\/tr>\n<tr class=\"row-6 even\">\n\t<td class=\"column-1\">Lyhytaikainen<\/td><td class=\"column-2\"><\/td><td class=\"column-3\"><\/td>\n<\/tr>\n<tr class=\"row-7 odd\">\n\t<td class=\"column-1\">Lainat rahoituslaitoksilta<\/td><td class=\"column-2\">22 369<\/td><td class=\"column-3\">4 607<\/td>\n<\/tr>\n<tr class=\"row-8 even\">\n\t<td class=\"column-1\">Saadut ennakot<\/td><td class=\"column-2\">28 667<\/td><td class=\"column-3\">28 348<\/td>\n<\/tr>\n<tr class=\"row-9 odd\">\n\t<td class=\"column-1\">Ostovelat<\/td><td class=\"column-2\">12 754<\/td><td class=\"column-3\">11 501<\/td>\n<\/tr>\n<tr class=\"row-10 even\">\n\t<td class=\"column-1\">Velat konserniyhti\u00f6ille<\/td><td class=\"column-2\">49 484<\/td><td class=\"column-3\">31 947<\/td>\n<\/tr>\n<tr class=\"row-11 odd\">\n\t<td class=\"column-1\">Muut velat<\/td><td class=\"column-2\">11 616<\/td><td class=\"column-3\">1 124<\/td>\n<\/tr>\n<tr class=\"row-12 even\">\n\t<td class=\"column-1\">Siirtovelat<\/td><td class=\"column-2\">14 463<\/td><td class=\"column-3\">6 339<\/td>\n<\/tr>\n<tr class=\"row-13 odd\">\n\t<td class=\"column-1\">Lyhytaikainen vieras p\u00e4\u00e4oma yhteens\u00e4<\/td><td class=\"column-2\">139 354<\/td><td class=\"column-3\">83 866<\/td>\n<\/tr>\n<tr class=\"row-14 even\">\n\t<td class=\"column-1\">VIERAS P\u00c4\u00c4OMA YHTEENS\u00c4<\/td><td class=\"column-2\">214 904<\/td><td class=\"column-3\">100 758<\/td>\n<\/tr>\n<tr class=\"row-15 odd\">\n\t<td class=\"column-1\">VASTATTAVAA YHTEENS\u00c4<\/td><td class=\"column-2\">320 416<\/td><td class=\"column-3\">174 496<\/td>\n<\/tr>\n<\/tbody>\n<\/table>\n","protected":false},"excerpt":{"rendered":"<p>Vastaavaa Pysyv\u00e4t vastaavat Vaihtuvat vastaavat Vastattavaa Oma p\u00e4\u00e4oma Vieras p\u00e4\u00e4oma [&#8230;]<\/p>\n<p><a class=\"btn btn-secondary understrap-read-more-link\" href=\"https:\/\/annualreport.forcitgroup.com\/2024\/fi\/tilinpaatos\/emoyhtion-tilinpaatos\/emoyhtion-tase\/\">Read More&#8230;<span class=\"screen-reader-text\"> from Emoyhti\u00f6n tase<\/span><\/a><\/p>\n","protected":false},"author":1,"featured_media":0,"parent":558,"menu_order":0,"comment_status":"closed","ping_status":"closed","template":"page-template-numbers.php","meta":{"footnotes":""},"acf":[],"_links":{"self":[{"href":"https:\/\/annualreport.forcitgroup.com\/2024\/wp-json\/wp\/v2\/pages\/986"}],"collection":[{"href":"https:\/\/annualreport.forcitgroup.com\/2024\/wp-json\/wp\/v2\/pages"}],"about":[{"href":"https:\/\/annualreport.forcitgroup.com\/2024\/wp-json\/wp\/v2\/types\/page"}],"author":[{"embeddable":true,"href":"https:\/\/annualreport.forcitgroup.com\/2024\/wp-json\/wp\/v2\/users\/1"}],"replies":[{"embeddable":true,"href":"https:\/\/annualreport.forcitgroup.com\/2024\/wp-json\/wp\/v2\/comments?post=986"}],"version-history":[{"count":0,"href":"https:\/\/annualreport.forcitgroup.com\/2024\/wp-json\/wp\/v2\/pages\/986\/revisions"}],"up":[{"embeddable":true,"href":"https:\/\/annualreport.forcitgroup.com\/2024\/wp-json\/wp\/v2\/pages\/558"}],"wp:attachment":[{"href":"https:\/\/annualreport.forcitgroup.com\/2024\/wp-json\/wp\/v2\/media?parent=986"}],"curies":[{"name":"wp","href":"https:\/\/api.w.org\/{rel}","templated":true}]}}