{"id":457,"date":"2023-03-01T13:06:26","date_gmt":"2023-03-01T11:06:26","guid":{"rendered":"https:\/\/annualreport.forcitgroup.com\/?page_id=457"},"modified":"2026-03-26T07:42:32","modified_gmt":"2026-03-26T07:42:32","slug":"vd-ord","status":"publish","type":"page","link":"https:\/\/annualreport.forcitgroup.com\/2025\/sv\/verksamhetsberattelse\/vd-ord\/","title":{"rendered":"VD-ORD"},"content":{"rendered":"\n<div style=\"height:75px\" aria-hidden=\"true\" class=\"wp-block-spacer\"><\/div>\n\n\n\n<figure class=\"wp-block-image size-full is-resized\"><img loading=\"lazy\" decoding=\"async\" width=\"2560\" height=\"1693\" src=\"https:\/\/annualreport.forcitgroup.com\/2025\/wp-content\/uploads\/sites\/4\/2026\/03\/Joakim-Westerlund-scaled-e1773928766278.jpg\" alt=\"\" class=\"wp-image-2277\" style=\"width:842px;height:auto\" srcset=\"https:\/\/annualreport.forcitgroup.com\/2025\/wp-content\/uploads\/sites\/4\/2026\/03\/Joakim-Westerlund-scaled-e1773928766278.jpg 2560w, https:\/\/annualreport.forcitgroup.com\/2025\/wp-content\/uploads\/sites\/4\/2026\/03\/Joakim-Westerlund-scaled-e1773928766278-300x198.jpg 300w, https:\/\/annualreport.forcitgroup.com\/2025\/wp-content\/uploads\/sites\/4\/2026\/03\/Joakim-Westerlund-scaled-e1773928766278-1024x677.jpg 1024w, https:\/\/annualreport.forcitgroup.com\/2025\/wp-content\/uploads\/sites\/4\/2026\/03\/Joakim-Westerlund-scaled-e1773928766278-768x508.jpg 768w, https:\/\/annualreport.forcitgroup.com\/2025\/wp-content\/uploads\/sites\/4\/2026\/03\/Joakim-Westerlund-scaled-e1773928766278-1536x1016.jpg 1536w, https:\/\/annualreport.forcitgroup.com\/2025\/wp-content\/uploads\/sites\/4\/2026\/03\/Joakim-Westerlund-scaled-e1773928766278-2048x1354.jpg 2048w\" sizes=\"(max-width: 2560px) 100vw, 2560px\" \/><figcaption class=\"wp-element-caption\">Joakim Westerlund,<br>Vd f\u00f6r FORCIT-koncernen<\/figcaption><\/figure>\n\n\n\n<div style=\"height:73px\" aria-hidden=\"true\" class=\"wp-block-spacer\"><\/div>\n\n\n\n<h1 class=\"wp-block-heading\">VI FORTS\u00c4TTER P\u00c5 V\u00c5R UTSTAKADE V\u00c4G <\/h1>\n\n\n\n<p class=\"has-medium-font-size\"><strong>En \u00e5rsavst\u00e4mning med Joakim Westerlund, vd, FORCIT Group<\/strong><\/p>\n\n\n\n<div style=\"height:54px\" aria-hidden=\"true\" class=\"wp-block-spacer\"><\/div>\n\n\n\n<p class=\"has-medium-font-size\">H\u00e4ndelseutvecklingen under det senaste \u00e5ret har \u00e4nnu en g\u00e5ng visat p\u00e5 vikten av stabilitet och s\u00e4kerhet i en v\u00e4rld som st\u00e5r under st\u00e4ndig f\u00f6r\u00e4ndring. Den globala os\u00e4kerheten \u00e4r alltj\u00e4mt en faktor, men FORCIT-koncernen har h\u00e5llit fast vid sin utvecklings- och investeringsstrategi som styrs av ett tydligt syfte. Vi navigerar inte bara i nuet, utan bygger \u00e4ven aktivt inf\u00f6r framtiden.&nbsp;<\/p>\n\n\n\n<div style=\"height:54px\" aria-hidden=\"true\" class=\"wp-block-spacer\"><\/div>\n\n\n\n<p>V\u00e5r strategi har visat sig vara motst\u00e5ndskraftig och relevant. De beslut vi tar och de investeringar vi g\u00f6r i dag avspeglar v\u00e5r orubbliga tro p\u00e5 v\u00e5rt uppdrag och v\u00e5r avg\u00f6rande roll i samh\u00e4llet. Vi g\u00e5r fram\u00e5t med tillf\u00f6rsikt och st\u00e4rker v\u00e5r f\u00f6rm\u00e5ga att m\u00f6ta morgondagens krav.&nbsp;<\/p>\n\n\n\n<h2 class=\"wp-block-heading\"><strong>VI ARBETAR F\u00d6R S\u00c4KERHET OCH TRYGGHET<\/strong>&nbsp;<\/h2>\n\n\n\n<p>Det geopolitiska l\u00e4get har gjort v\u00e5rt syfte tydligare \u00e4n n\u00e5gonsin. Europa beh\u00f6ver bli starkare och mer sj\u00e4lvst\u00e4ndigt, och FORCIT har en viktig roll i att bygga upp denna strategiska autonomi. Vi bidrar med allt fr\u00e5n att f\u00f6rb\u00e4ttra f\u00f6rsvarsf\u00f6rm\u00e5gan till att utveckla infrastrukturen och s\u00e4kra tillg\u00e5ngen p\u00e5 kritiska r\u00e5material genom v\u00e5rt viktiga samarbete med gruvindustrin. Detta \u00e4r grundl\u00e4ggande f\u00f6r den \u00f6vergripande s\u00e4kerheten och resiliens inom Norden och hela Europa.\u00a0<\/p>\n\n\n\n<p>Eftersom Finland har blivit en s\u00e4kerhetsleverant\u00f6r inom NATO har v\u00e5r roll som utvecklare och producent av avancerade f\u00f6rsvarssystem blivit allt viktigare. Vi tar detta ansvar p\u00e5 allvar och v\u00e5ra p\u00e5g\u00e5ende investeringar och rekryteringsinsatser \u00e4r en direkt avspegling av v\u00e5rt engagemang att fylla denna viktiga roll.&nbsp;<\/p>\n\n\n\n<h2 class=\"wp-block-heading\"><strong>INVESTERINGAR I KAPACITET OCH FRAMTIDA TILLV\u00c4XT<\/strong>&nbsp;<\/h2>\n\n\n\n<p>Vi m\u00e5ste g\u00e5 fr\u00e5n ord till handling. Under de senaste tre \u00e5ren har FORCIT investerat cirka 100 miljoner euro i teknologi och \u00f6kad kapacitet. Om vi blickar fram\u00e5t har ytterligare planerade investeringar p\u00e5 \u00f6ver 300 miljoner euro tillk\u00e4nnagetts f\u00f6r de kommande \u00e5ren.&nbsp;<\/p>\n\n\n\n<p>Detta proaktiva tillv\u00e4gag\u00e5ngss\u00e4tt s\u00e4kerst\u00e4ller att vi kan m\u00f6ta en \u00f6kad efterfr\u00e5gan. Vi har agerat beslutsamt f\u00f6r att bygga upp den kapacitet som v\u00e5ra kunder och samh\u00e4llet i stort efterfr\u00e5gar. De senaste investeringarna har till stor del drivits av kapacitetsbehovet, men vi har \u00e4ven gjort omfattande investeringar i uppgradering av \u00e4ldre produktionslinjer f\u00f6r att s\u00e4kerst\u00e4lla att vi uppr\u00e4tth\u00e5ller v\u00e5ra h\u00f6ga standarder vad g\u00e4ller kvalitet, s\u00e4kerhet och&nbsp;leveranss\u00e4kerhet. Dessa investeringar, som \u00e4r inriktade b\u00e5de p\u00e5 v\u00e5r f\u00f6rsvarsrelaterade och p\u00e5 v\u00e5r civila spr\u00e4ng\u00e4mnesverksamhet, g\u00f6rs f\u00f6retr\u00e4desvis i Finland men kommer att vara till nytta f\u00f6r v\u00e5r globala kundbas, generera betydande exportint\u00e4kter och bidra till det nationella v\u00e4lst\u00e5ndet.&nbsp;<\/p>\n\n\n\n<h2 class=\"wp-block-heading\"><strong>MEDARBETARE OCH INNOVATIONER ST\u00c4RKER OSS INIFR\u00c5N<\/strong>&nbsp;<\/h2>\n\n\n\n<p>V\u00e5r tillv\u00e4xt handlar inte bara om siffror, utan framf\u00f6r allt om m\u00e4nniskor. Under det senaste \u00e5ret har vi v\u00e4lkomnat ungef\u00e4r 100 nya medarbetare till FORCIT-familjen. Denna snabba tillv\u00e4xt har utgjort en drivkraft f\u00f6r utveckling, skapat nya m\u00f6jligheter f\u00f6r v\u00e5ra medarbetare och tillf\u00f6rt olika nya perspektiv inom organisationen. Vi har \u00e5tagit oss att fr\u00e4mja n\u00e4sta generations experter genom omfattande fortbildning internt och tydliga karri\u00e4rv\u00e4gar.&nbsp;<\/p>\n\n\n\n<p>Samtidigt forts\u00e4tter vi att f\u00f6rnya oss och investera i produktutveckling.&nbsp; Investeringar i produktutveckling har \u00f6kat stadigt i linje med v\u00e5ra uppsatta m\u00e5l.&nbsp;FORCIT:s&nbsp;kundcentrerade strategi inneb\u00e4r att s\u00e4kerhet och kvalitet alltid st\u00e5r i fokus.<\/p>\n\n\n\n<h2 class=\"wp-block-heading\"><strong>S\u00c4KERHET OCH H\u00c5LLBARHET UTG\u00d6R GRUNDEN<\/strong>&nbsp;<\/h2>\n\n\n\n<p>V\u00e5ra grundl\u00e4ggande principer f\u00f6r\u00e4ndras inte i takt med att vi v\u00e4xer. S\u00e4kerhet \u00e4r, och kommer alltid att vara, v\u00e5r h\u00f6gsta prioritet. Den utg\u00f6r grunden f\u00f6r v\u00e5r f\u00f6retagskultur och \u00e4r en icke-f\u00f6rhandlingsbar del av allt vi g\u00f6r.&nbsp;<\/p>\n\n\n\n<p>V\u00e5rt engagemang f\u00f6r h\u00e5llbarhet \u00e4r fortsatt starkt. Vi \u00e4r stolta \u00f6ver v\u00e5r omfattande h\u00e5llbarhetsrapportering, som vi utvecklat proaktivt innan lagstifning s\u00e5 kr\u00e4ver. Vi arbetar kontinuerligt med att f\u00f6rb\u00e4ttra milj\u00f6prestandan inom v\u00e5r verksamhet och investerar i utveckling av mer h\u00e5llbara r\u00e5material, som en del av v\u00e5rt engagemang f\u00f6r en ansvarsfull tillv\u00e4xt.&nbsp;<\/p>\n\n\n\n<h2 class=\"wp-block-heading\"><strong>GEMENSAMT BYGGER VI EN LJUS FRAMTID<\/strong>&nbsp;<\/h2>\n\n\n\n<p>N\u00e4r vi blickar fram\u00e5t \u00e4r vi \u00f6vertygade om att v\u00e5r expertis kommer att bli&nbsp;allt mer&nbsp;efterfr\u00e5gad. Vi har stakat ut kursen, och vi kommer att forts\u00e4tta bygga p\u00e5 v\u00e5r starka grund, str\u00e4va efter en h\u00e5llbar tillv\u00e4xt och ta oss an nya m\u00f6jligheter med stor beslutsamhet.&nbsp;<\/p>\n\n\n\n<p>Jag vill rikta ett stort tack till v\u00e5ra engagerade medarbetare, vars kunskaper och h\u00e5rda arbete \u00e4r en f\u00f6ruts\u00e4ttning f\u00f6r v\u00e5ra framg\u00e5ngar. Jag \u00e4r ocks\u00e5 tacksam gentemot v\u00e5ra kunder, partner och \u00e4gare f\u00f6r deras fortsatta f\u00f6rtroende och samarbete. Tillsammans bygger vi inte bara ett starkare f\u00f6retag, utan vi bidrar \u00e4ven till en s\u00e4krare, tryggare och ljusare framtid f\u00f6r alla.&nbsp;<\/p>\n\n\n\n<div style=\"height:50px\" aria-hidden=\"true\" class=\"wp-block-spacer\"><\/div>\n","protected":false},"excerpt":{"rendered":"<p>VI FORTS\u00c4TTER P\u00c5 V\u00c5R UTSTAKADE V\u00c4G En \u00e5rsavst\u00e4mning med Joakim Westerlund, vd, FORCIT Group H\u00e4ndelseutvecklingen under det senaste \u00e5ret har \u00e4nnu en g\u00e5ng visat p\u00e5 vikten av stabilitet och s\u00e4kerhet i en v\u00e4rld som st\u00e5r under st\u00e4ndig f\u00f6r\u00e4ndring. Den globala os\u00e4kerheten \u00e4r alltj\u00e4mt en faktor, men FORCIT-koncernen har h\u00e5llit fast vid sin utvecklings- och investeringsstrategi [&#8230;]<\/p>\n<p><a class=\"btn btn-secondary understrap-read-more-link\" href=\"https:\/\/annualreport.forcitgroup.com\/2025\/sv\/verksamhetsberattelse\/vd-ord\/\">Read More&#8230;<span class=\"screen-reader-text\"> from VD-ORD<\/span><\/a><\/p>\n","protected":false},"author":1,"featured_media":1773,"parent":455,"menu_order":0,"comment_status":"closed","ping_status":"closed","template":"","meta":{"_acf_changed":false,"footnotes":""},"acf":[],"_links":{"self":[{"href":"https:\/\/annualreport.forcitgroup.com\/2025\/wp-json\/wp\/v2\/pages\/457"}],"collection":[{"href":"https:\/\/annualreport.forcitgroup.com\/2025\/wp-json\/wp\/v2\/pages"}],"about":[{"href":"https:\/\/annualreport.forcitgroup.com\/2025\/wp-json\/wp\/v2\/types\/page"}],"author":[{"embeddable":true,"href":"https:\/\/annualreport.forcitgroup.com\/2025\/wp-json\/wp\/v2\/users\/1"}],"replies":[{"embeddable":true,"href":"https:\/\/annualreport.forcitgroup.com\/2025\/wp-json\/wp\/v2\/comments?post=457"}],"version-history":[{"count":5,"href":"https:\/\/annualreport.forcitgroup.com\/2025\/wp-json\/wp\/v2\/pages\/457\/revisions"}],"predecessor-version":[{"id":2433,"href":"https:\/\/annualreport.forcitgroup.com\/2025\/wp-json\/wp\/v2\/pages\/457\/revisions\/2433"}],"up":[{"embeddable":true,"href":"https:\/\/annualreport.forcitgroup.com\/2025\/wp-json\/wp\/v2\/pages\/455"}],"wp:featuredmedia":[{"embeddable":true,"href":"https:\/\/annualreport.forcitgroup.com\/2025\/wp-json\/wp\/v2\/media\/1773"}],"wp:attachment":[{"href":"https:\/\/annualreport.forcitgroup.com\/2025\/wp-json\/wp\/v2\/media?parent=457"}],"curies":[{"name":"wp","href":"https:\/\/api.w.org\/{rel}","templated":true}]}}