{"id":470,"date":"2023-03-01T13:18:08","date_gmt":"2023-03-01T11:18:08","guid":{"rendered":"https:\/\/annualreport.forcitgroup.com\/?page_id=470"},"modified":"2026-03-25T21:25:44","modified_gmt":"2026-03-25T21:25:44","slug":"prognoser-och-forutsagelser","status":"publish","type":"page","link":"https:\/\/annualreport.forcitgroup.com\/2025\/sv\/verksamhetsberattelse\/prognoser-och-forutsagelser\/","title":{"rendered":"PROGNOSEN OCH F\u00d6RUTS\u00c4GELSER"},"content":{"rendered":"\n<h2 class=\"wp-block-heading\">Risker och os\u00e4kerhetsfaktorer&nbsp;<\/h2>\n\n\n\n<p>Europas ekonomiska utsikter v\u00e4ntas f\u00f6rb\u00e4ttras l\u00e5ngsamt efter flera \u00e5r med l\u00e5g ekonomisk tillv\u00e4xt. Prognoserna f\u00f6r 2026 vad g\u00e4ller aktiviteten p\u00e5 byggmarknaden i alla nordiska l\u00e4nder har blivit n\u00e5got mer positiva j\u00e4mf\u00f6rt med f\u00f6reg\u00e5ende \u00e5r.<\/p>\n\n\n\n<p>Eftersom vi bedriver en betydande del av v\u00e5r verksamhet i Sverige och Norge f\u00f6religger en valutarisk p\u00e5 grund av fluktuationer i v\u00e4xelkursen mellan SEK och EUR samt mellan NOK och EUR. Bolaget har fortsatt arbetet med att skydda sig mot valutariskerna i de avtal och \u00f6verenskommelser som ing\u00e5tts.<\/p>\n\n\n\n<p>Kriget i Ukraina och relaterade geopolitiska sp\u00e4nningar forts\u00e4tter att utg\u00f6ra risker relaterade till IT- och hybridhot. F\u00f6ljaktligen har bolaget gjort betydande investeringar i och \u00f6kat sitt fokus p\u00e5 IT-s\u00e4kerhet och fysisk s\u00e4kerhet.<\/p>\n\n\n\n<p>Tillg\u00e5ngen p\u00e5 viktiga r\u00e5varor och komponenter inom aff\u00e4rsomr\u00e5det Defence \u00e4r fortfarande ett viktigt fokusomr\u00e5de.<\/p>\n\n\n\n<h2 class=\"wp-block-heading\">Utsikter f\u00f6r 2026\u00a0<\/h2>\n\n\n\n<p>Utsikterna f\u00f6r infrastrukturbyggandet \u00e4r f\u00f6rsiktigt positiva j\u00e4mf\u00f6rt med de senaste \u00e5ren. F\u00f6rv\u00e4ntningarna inom gruvdriftsegmentet \u00e4r neutrala j\u00e4mf\u00f6rt med \u00e5r 2025. De st\u00f6rsta orosmomenten f\u00f6r 2026 \u00e4r den f\u00f6rv\u00e4ntade \u00e5terh\u00e4mtningen i de allm\u00e4nna ekonomiska utsikterna f\u00f6r Europa och Norden, samt os\u00e4kerheter p\u00e5 grund av det allt mer instabila geopolitiska l\u00e4get. Konkurrensen p\u00e5 marknaden f\u00f6r civila spr\u00e4ng\u00e4mnen \u00e4r fortsatt h\u00e5rd. Genom att uppr\u00e4tth\u00e5lla sin goda konkurrenskraft och med fortsatt fokus p\u00e5 utveckling och effektivitet r\u00e4knar dock bolaget med att FORCIT Explosives ska kunna ha en forts\u00e4tt l\u00f6nsam verksamhet p\u00e5 sina huvudmarknader.<\/p>\n\n\n\n<p>Orderstocken f\u00f6r FORCIT Defence l\u00e5g p\u00e5 en fortsatt h\u00f6g niv\u00e5 under 2025, och med de investeringar som gjorts och planeras f\u00f6r att \u00f6ka produktionskapaciteten, kombinerat med produktutvecklingsinsatser, \u00e4r bolaget \u00f6vertygat om sin f\u00f6rm\u00e5ga att vidareutveckla och ut\u00f6ka Defence-verksamheten ytterligare p\u00e5 sikt.<\/p>\n\n\n\n<p>FORCIT Consulting har en stark marknadsst\u00e4llning och \u00e4r v\u00e4l positionerat f\u00f6r vidare tillv\u00e4xt genom geografisk expansion och utveckling av sitt tj\u00e4nsteerbjudande. Det finns \u00e4ven f\u00f6rv\u00e4ntningar p\u00e5 att den nordiska byggaktiviteten kommer att b\u00f6rja utvecklas mer positivt under 2026, efter flera utmanande \u00e5r.<\/p>\n\n\n\n<p>Sammanfattningsvis f\u00f6ruts\u00e4tter bolaget att int\u00e4kterna f\u00f6r 2026 kommer att vara relativt stabila j\u00e4mf\u00f6rt med 2025. Bolaget r\u00e4knar med en fortsatt god l\u00f6nsamhet under 2026.<\/p>\n","protected":false},"excerpt":{"rendered":"<p>Risker och os\u00e4kerhetsfaktorer&nbsp; Europas ekonomiska utsikter v\u00e4ntas f\u00f6rb\u00e4ttras l\u00e5ngsamt efter flera \u00e5r med l\u00e5g ekonomisk tillv\u00e4xt. Prognoserna f\u00f6r 2026 vad g\u00e4ller aktiviteten p\u00e5 byggmarknaden i alla nordiska l\u00e4nder har blivit n\u00e5got mer positiva j\u00e4mf\u00f6rt med f\u00f6reg\u00e5ende \u00e5r. Eftersom vi bedriver en betydande del av v\u00e5r verksamhet i Sverige och Norge f\u00f6religger en valutarisk p\u00e5 grund [&#8230;]<\/p>\n<p><a class=\"btn btn-secondary understrap-read-more-link\" href=\"https:\/\/annualreport.forcitgroup.com\/2025\/sv\/verksamhetsberattelse\/prognoser-och-forutsagelser\/\">Read More&#8230;<span class=\"screen-reader-text\"> from PROGNOSEN OCH F\u00d6RUTS\u00c4GELSER<\/span><\/a><\/p>\n","protected":false},"author":1,"featured_media":1879,"parent":455,"menu_order":0,"comment_status":"closed","ping_status":"closed","template":"","meta":{"_acf_changed":false,"footnotes":""},"acf":[],"_links":{"self":[{"href":"https:\/\/annualreport.forcitgroup.com\/2025\/wp-json\/wp\/v2\/pages\/470"}],"collection":[{"href":"https:\/\/annualreport.forcitgroup.com\/2025\/wp-json\/wp\/v2\/pages"}],"about":[{"href":"https:\/\/annualreport.forcitgroup.com\/2025\/wp-json\/wp\/v2\/types\/page"}],"author":[{"embeddable":true,"href":"https:\/\/annualreport.forcitgroup.com\/2025\/wp-json\/wp\/v2\/users\/1"}],"replies":[{"embeddable":true,"href":"https:\/\/annualreport.forcitgroup.com\/2025\/wp-json\/wp\/v2\/comments?post=470"}],"version-history":[{"count":2,"href":"https:\/\/annualreport.forcitgroup.com\/2025\/wp-json\/wp\/v2\/pages\/470\/revisions"}],"predecessor-version":[{"id":2421,"href":"https:\/\/annualreport.forcitgroup.com\/2025\/wp-json\/wp\/v2\/pages\/470\/revisions\/2421"}],"up":[{"embeddable":true,"href":"https:\/\/annualreport.forcitgroup.com\/2025\/wp-json\/wp\/v2\/pages\/455"}],"wp:featuredmedia":[{"embeddable":true,"href":"https:\/\/annualreport.forcitgroup.com\/2025\/wp-json\/wp\/v2\/media\/1879"}],"wp:attachment":[{"href":"https:\/\/annualreport.forcitgroup.com\/2025\/wp-json\/wp\/v2\/media?parent=470"}],"curies":[{"name":"wp","href":"https:\/\/api.w.org\/{rel}","templated":true}]}}